 i*y(t) - 5*p(t). Give j(2).
3
Let p(n) be the third derivative of n**6/60 + n**5/20 - n**3/3 - 8*n**2. Determine p(-2).
-6
Let b(g) = 2*g - 1. Let t be b(2). Suppose t*z - 5*z = 0. Let j(n) be the second derivative of -n**4/12 - 4*n**2 - n. Give j(z).
-8
Let z be (-26)/273*(-7)/4. Let u(w) be the second derivative of -z*w**3 + 0 - 3*w - 4*w**2. Calculate u(-4).
-4
Let a(v) = -v + 3. Let s(t) = 11*t + 6. Let i be s(0). Give a(i).
-3
Let v be 0/(-2)*(1 + 0). Let w(i) = -i**3 - i**2 - i - 12. Give w(v).
-12
Suppose 4*b + 0*b - 16 = 4*q, 0 = -q + 4*b - 16. Let i(n) be the third derivative of 0 + 0*n + q*n**3 - 1/60*n**5 + 1/12*n**4 + n**2. Determine i(1).
1
Let p(x) be the first derivative of x**3/3 + 5*x**2/2 - 4*x + 23. Calculate p(-5).
-4
Let z be 6/3*6/2. Let d = z + -5. Let k(o) = -o**2 - o + 6. Let n(x) = -x**2 + 1. Let f(t) = k(t) - 5*n(t). Calculate f(d).
4
Let u(y) be the second derivative of y**5/20 + y**4/4 - y**3/6 + y**2/2 + 21*y. Determine u(2).
19
Suppose 3*l + 6 = -0*l. Let k be ((l - -2) + 1)*-5. Let g(p) = 12*p + 9 - 2 - 9*p. Calculate g(k).
-8
Let g(q) = -q**2 + 5*q + 3. Let f = 10 + -8. Let b(x) = 5*x**2 - 19*x - 12. Let h(l) = f*b(l) + 9*g(l). Give h(-7).
3
Let b(n) = 20*n + 6. Let i(d) = -7*d - 2. Let a(w) = 5*b(w) + 14*i(w). Give a(8).
18
Let n(o) = o**2 + 4*o - 2. Suppose w = -3*w + 16. Suppose 2*j = 5*y - w*y - 13, -4*y = -20. Determine n(j).
-2
Suppose -4*k - 5*f + 4 = -10, -2*f + 2 = k. Let l(n) = -2*n + 4. Determine l(k).
-8
Let m(f) be the second derivative of f**3/6 - 7*f**2/2 - 8*f. What is m(-5)?
-12
Let q be (-18)/(-21)*(-7)/(-2). Let x(i) = -i**3 - i**2 - i - 1. Let o(h) = -5*h**3 - 2*h**2 - h - 7. Let w(l) = -o(l) + 4*x(l). Calculate w(q).
3
Let l(n) = n**3 + 8*n**2 - n - 5. Let p be l(-8). Suppose p*c - 9 + 4 = 5*s, 0 = 5*s + 20. Let y(o) = -o + 3. Determine y(c).
8
Let t(z) = -4*z**3 - z**2 - z. Suppose 14 = d - 5*x, -x + 5*x + 14 = -2*d. What is t(d)?
4
Let i(q) be the third derivative of -1/60*q**5 + 0*q + 1/6*q**3 - 1/24*q**4 - q**2 + 0. What is i(1)?
-1
Suppose -3*c + 4*h - 4 = 7, c = -h + 8. Suppose 18 = -3*t + c*y, -t + 5*t + 2*y = 0. Let i(f) = f + 0*f + 0*f - 3*f. What is i(t)?
4
Let q be ((-20)/(-6))/(2/3). Suppose 2*p - r - 19 = -4*r, q*p + 10 = 4*r. Let l(i) = i - p + 3 + i. Give l(-4).
-7
Let q = 8 + -8. Let o(j) = -j**2 + 8 + q*j - j + j**3 - 6*j**2. Determine o(7).
1
Suppose -45*v + 46*v = -6. Let q(r) be the first derivative of -r**3/3 - 4*r**2 - 7*r - 1. What is q(v)?
5
Let x(n) = n**2 - 3*n - 1. Let i = 9 + -7. Let b be i/(-4) - (-15)/(-10). Calculate x(b).
9
Let b(j) = -10*j + 1. Let n(l) = l**2 + 7*l + 1. Let t be n(-7). Determine b(t).
-9
Let o(v) = v**3 - 2*v**2 + 2. Let d be o(2). Let p(s) = d*s + s**2 + s**3 - 3*s - 3*s + 5*s + 1. What is p(-1)?
0
Let a(u) be the second derivative of -u**5/20 + 11*u**4/12 - 5*u**3/3 + 5*u**2 - 18*u + 1. Calculate a(10).
10
Suppose -4 = 2*j - 4*j. Let p be (3/6 - j)*-2. Let i(q) = 2*q + 2. What is i(p)?
8
Let k(m) = -4*m + 1. Let y be (4/6)/(2/3). Give k(y).
-3
Let d(z) be the second derivative of -z**4/12 - 5*z**3/6 - 4*z**2 - 31*z. Give d(-6).
-14
Suppose -2*a + 6 = -2. Let t = -11 + 20. Let j(x) = x**3 + 4*x - 5*x**2 + 6 - t + 4. Determine j(a).
1
Let h(f) = -2*f**2 - 5 - 6*f + f**2 - 2*f. Give h(-6).
7
Let t = 56 + -57. Let s(a) = 16*a**2 + a. What is s(t)?
15
Suppose 0 = -4*m + 3*z + 1, 3*z - 1 = -0*m + 2*m. Let q(n) = -11*n + m + 11*n + n**3. Suppose 0 = 5*p - p. Give q(p).
1
Let f(p) = -p**3 - p**2 - 15. Let b(g) = g - 20. Let q be b(20). Give f(q).
-15
Let y(b) = b**2 + 12*b + 15. Let q be y(-11). Let r(x) = x**2 - 3*x + 6. Determine r(q).
10
Let p(c) = -c**3 + 4*c**2 + 4*c + 4. Suppose -4*x + 25 = x. Calculate p(x).
-1
Let t = -3 - -6. Let h(p) be the second derivative of 1/2*p**2 + p + 0 - 1/6*p**3. Calculate h(t).
-2
Let o(m) be the second derivative of -m**3 + 1/3*m**4 + 1/20*m**5 + 0 - 3*m**2 + m. Suppose -10 = 2*a - 0*a. Calculate o(a).
-1
Let k(c) be the third derivative of c**5/30 - c**4/24 - c**3/3 - 28*c**2. Calculate k(2).
4
Let j be (1*-2 + 2)/1. Let m(b) = 5*b - 3*b - 7 + b - 2. Let r(x) = 4*x - 14. Let v(g) = -7*m(g) + 5*r(g). Calculate v(j).
-7
Let t(z) = -7*z**3 - 2*z**2 + 2*z - 1. Let a = -22 - -23. Calculate t(a).
-8
Let r(o) = o - 1. Let f be r(4). Let m(j) = -j**3 + 3*j**2 + j - 3. Let u be m(f). Let l(w) = w - 4. Determine l(u).
-4
Suppose 2*u = -3*u. Suppose q - 28 = 5*c, -2*c - 2*q - 16 = -u*c. Let o(f) = 4 + 6*f - 3*f - f. What is o(c)?
-8
Let o(a) = a + 13. Let m be o(-9). Let h(g) = -1 + 9*g - m*g + 7*g. Calculate h(1).
11
Let n(x) = -2*x**2 + 4*x. Let k be 2/8 + (0 - 11/(-4)). Calculate n(k).
-6
Suppose 0 = 4*n - 9*n. Let k(b) = 3*b**2 - 18 + 3*b + 0*b**2 - 3*b**2 - 14*b**3. Let s(i) = -5*i**3 + i - 6. Let g(r) = -4*k(r) + 11*s(r). Calculate g(n).
6
Let q(p) = -5*p**2 + 7*p - 1. Let t(g) = 6*g**2 - 7*g. Let v(h) = -7*q(h) - 6*t(h). Calculate v(-6).
13
Suppose o = 3*o - 4. Let n(u) = o*u - 2*u - 2 + 2*u**2 + u. Calculate n(-2).
4
Let z be -1 + (-8)/(-12)*9. Let t(x) = -2*x. Give t(z).
-10
Suppose -5*u + 0*u = -2*i + 39, 4*u = 3*i - 34. Let j = u + 9. Let k be 2 - 5 - (j - 2). Let f(v) = v**2 + 6*v + 4. Give f(k).
-5
Let m(k) be the third derivative of k**4/24 + 5*k**3/3 + 4*k**2. Give m(0).
10
Let j(q) = 5 - 3 + 19*q**2 - 18*q**2. Give j(-2).
6
Let r(c) = -c**3 - 5*c**2 + c + 7. Let w(b) = 3*b**3 + 10*b**2 - 3*b - 15. Let l(v) = -5*r(v) - 2*w(v). Determine l(5).
0
Let y(q) = 0*q**2 - q**2 + 2*q + 4 - 2. Let v be (6/5)/(6/15). Calculate y(v).
-1
Let c(n) = 6*n**3 - 9*n**2 + 7*n + 2. Let d(a) = a**3 - a**2 + a. Let v(r) = -c(r) + 5*d(r). What is v(2)?
2
Suppose 4*r - 7 = 45. Suppose 3*t - 5*d - 16 = 0, -4*d = -2*t + 6 + 6. Let n(s) = t - s**2 - 3 + 3*s**3 - r*s**3 - 2*s. What is n(-1)?
10
Let m(l) be the second derivative of -l**4/3 + l**2/2 - 9*l. What is m(-1)?
-3
Let s(h) = -3 + 6 + 6 - h - 22. Determine s(-10).
-3
Let w(r) = -8*r**2 - 1. Let u = 10 - 6. Suppose -6 = 2*l - u*t, 4*t = -4*l - l + 13. Calculate w(l).
-9
Let o(n) = n**2 + 6*n + 1. Let m(b) = -b**3 - 6*b**2 - 4. Let r be m(-6). Give o(r).
-7
Let h(a) = -a**2 + 6*a + 4. Let m(j) = -j**3 + 5*j**2 - 2*j. Let q be m(3). Suppose 3 + q = 5*y. Let u be ((-6)/(-15))/(y/45). Determine h(u).
4
Let c(a) = 6*a + 4. Let g(j) = 13*j + 8. Suppose p = -1 + 10. Let v(t) = p*c(t) - 4*g(t). Determine v(-3).
-2
Let y = 20 + -15. Let x(g) = 3*g + 5. Give x(y).
20
Let d(b) be the first derivative of -3*b**4/4 - b - 2. Let x = 7 + -5. Let j be 2*(2 + (-5)/x). What is d(j)?
2
Suppose 0 = -2*a - 0 + 4. Let h(s) = -10 + 11 + 2*s**2 - s**2. What is h(a)?
5
Suppose -m - 5 = -0*m. Let n be (3/6)/(2/8). Let f(q) = -2*q**3 - 6*q - 2 - 5 + q**3 - 3*q**n - 3*q**2. What is f(m)?
-2
Let o = -28 - -25. Suppose 5*w - 3*p - 20 = 0, w - 22 = 4*w + 5*p. Let y = o + w. Let j(h) = h**3 + 2*h + 2. Determine j(y).
-10
Let a(t) be the third derivative of -t**7/2520 + t**6/120 - t**5/24 - t**4/12 - 10*t**2. Let j(h) be the second derivative of a(h). What is j(4)?
3
Let f(y) = y**2 + 5*y + 2. Let j be f(-5). Let z(k) = -2 + 2*k - k**2 - 3*k - k**3 - 2*k**2 + 6*k**2. Give z(j).
0
Let i(w) = -w**2 + w. Let h(n) = n**2 - 9*n - 4. Let a(v) = h(v) + 2*i(v). Let j be (-5)/(-3) + 1/3. Let d be -3*(-1 + 0 + j). What is a(d)?
8
Let b(v) = 2*v**3 - 3*v**2 + 2*v - 1. Let q(l) = 2 + 4*l**2 - 4*l**2 + 8*l - l + l**2. Let h be q(-7). Calculate b(h).
7
Let c(t) = t**3 + t. Let q(g) = -g**2 - 7*g + 8. Let p be q(-8). Let r be 1 + (p/(-3) - 0). Determine c(r).
2
Let x be 1/((-1)/((-1)/(-1))). Let k(g) = -14*g - 1. Give k(x).
13
Let b(r) = -3*r**2 - 4*r - 10. Let c(j) = 8*j**2 + 11*j + 29. Let u(y) = -11*b(y) - 4*c(y). Give u(0).
-6
Let d(a) = -a**2 - a - 9. Let c(b) = -b**3 - b. Suppose -2*n + 3*n = 0. Let r be c(n). Determine d(r).
-9
Let r = -25 + 18. Let h(b) = b**2 + 9*b + 10. Calculate h(r).
-4
Let m(j) = -j + 0*j - j**2 - 11 + 5*j**3 - 4*j**3 + 0. Determine m(0).
-11
Let v(k) = -k**2 - 2*k + 1. Let t(s) = s**2 + 6*s - 1. Let x be t(-6). Let u be (6 - 1)*4/10. Let r = x + u. Give v(r).
-2
Let q(s) be the second derivative of s**5/20 + 5*s**4/12 + s**3/6 - 5*s**2/2 - s. Let n be (1 + 0)/((-2)/(-10)). Let z be (-2*2)/(-4 + n). Determine q(z).
7
Let m(b) be the third derivative of -b**6/120 + b**5/12 - b**4/6 - b**